5, -3*c = -h + 2*h - 569. What are the prime factors of c?
2, 5, 19
Let l(h) = -33*h**3 - 9*h**2 - 73*h - 155. What are the prime factors of l(-3)?
2, 19, 23
Let u(r) = 3*r**2 + 8*r - 1986. What are the prime factors of u(-72)?
2, 3, 5, 433
Let t(j) = -3*j**2 + 32*j - 29. Let w be t(12). Let p be 3 + (-105)/33 - (-140)/w. What are the prime factors of p*87/(-6) + 1 + -2?
2, 7
Let g = 25490 + -10926. What are the prime factors of g?
2, 11, 331
Suppose -2*i - 12 = -4*i - 2*v, -v = -2. Let o be -1*(4 + -2)*-8. Suppose -o = i*n + f - 105, -5*f = -2*n + 39. List the prime factors of n.
2, 11
Let a be (216/60)/((-1)/60). Let g = 567 + a. What are the prime factors of g?
3, 13
Let v(w) = 5*w**2 + 11*w - w**2 + w**3 + 4 - 6*w + 0*w. Let m be v(-2). Suppose -m*p - 16 = -38. List the prime factors of p.
11
Suppose 0 = 7*r - 10*r + 357. Suppose 0 = 3*x - r + 344. Let y = -73 - x. What are the prime factors of y?
2
Let j(v) = -3*v**2 + 36*v + 6. Let h be j(12). Suppose b = -4*p + 229, -p + h*b = 3*b - 67. List the prime factors of p.
2, 29
Let p(r) = r - 16. Let c be p(13). List the prime factors of 5 - -311*(-3)/c.
2, 79
Suppose -4*l = -2*j - j + 4184, 4*l - 6920 = -5*j. Suppose y + 2*h - 464 = 3*h, -h - j = -3*y. Let r = y + -301. What are the prime factors of r?
7, 23
Let w(l) = -2*l**3 + l**2 - 5*l + 2. Suppose -9*x + 2*x = -28. Let t be w(x). Let n = -54 - t. List the prime factors of n.
2, 19
Suppose -120555 = -5*g + 10*m, 24*g = 27*g + 5*m - 72377. What are the prime factors of g?
89, 271
Let c(f) = -f**2 + 10*f - 7. Suppose 13 = 5*v - 32. Let q be c(v). Suppose 0 = 3*m + x - 79, -q*m = -4*x - 34 - 14. What are the prime factors of m?
2, 13
Let o be ((-1)/(-2))/((-4)/(-10808)). Let f = 72 + o. What are the prime factors of f?
1423
Suppose -3*c + 19 = k, 2*c + 2*c = k + 16. Suppose 1283 = k*y - 549. List the prime factors of y.
2, 229
Suppose 5*n + 4726 - 1371 = -2*m, 2*n + 5*m + 1321 = 0. Let u = -955 + 490. Let j = u - n. What are the prime factors of j?
2, 13
Let w(y) = 31*y - 120. Let b(a) = 60*a - 240. Let j(o) = 2*b(o) - 5*w(o). List the prime factors of j(-11).
5, 101
Suppose -y + 49 = -2*g, -5*y + y = 3*g - 185. Let p = 41 - y. Let v = 12 + p. What are the prime factors of v?
2, 3
Let q(j) = j**3 + 15*j**2 + 17*j + 16. Let l(d) = -d**2 - 16*d - 41. Let k be l(-14). List the prime factors of q(k).
7, 19
Suppose -17*w = -7*w + 3820. Let y = w + 546. Suppose y = -4*j + 560. What are the prime factors of j?
3, 11
Let w = 1767 + 4779. What are the prime factors of w?
2, 3, 1091
Let m(y) be the first derivative of 5*y**3/3 - 6*y**2 + 2*y - 1. Suppose -18*n - 91 + 181 = 0. What are the prime factors of m(n)?
67
Let l(f) = 20*f**2 + 10 - 6*f + 10*f + 38*f - f**3 + 13*f**2 - 14*f**2. What are the prime factors of l(19)?
2, 101
What are the prime factors of (134/(-3))/((-8)/1116)?
3, 31, 67
Let n be ((2 + -2)/(-8))/1. Suppose n = -0*q + 2*q - 290. What are the prime factors of q?
5, 29
Suppose -2*g + 175*c = 179*c - 14, -5*g + 2*c = 25. Let d(z) = -z - 4*z**3 - 4*z**2 + 5*z**2 + 4*z**2 + 8. What are the prime factors of d(g)?
2, 41
Let z(m) = m**2 + 24*m + 121. Let t be z(-17). Suppose t*h - 702 = -3*v + 392, -2192 = -4*h - 5*v. What are the prime factors of h?
7, 79
Suppose -2864 = 4*g - 28040. List the prime factors of g.
2, 3, 1049
Suppose -9*n - 1324 = 809. Let p = 400 + n. What are the prime factors of p?
163
Let q be ((-89775)/(-36))/19 - (-5)/(-4). Suppose 0 = d - 238 - q. List the prime factors of d.
2, 23
List the prime factors of ((-76)/12 - -5)/(6*2/(-95112)).
2, 1321
Let j = 8 + -39. Let k = -20 - j. Suppose 0 = -0*i - k*i + 99. What are the prime factors of i?
3
Let u(l) = 208*l - 774. List the prime factors of u(36).
2, 3, 373
Suppose -4*g + 24 = -4*f, 2 = 3*f + 5*g - 12. What are the prime factors of 4 - 1/(f/314)?
7, 23
Let w = 73 + -57. Suppose -2*q - w - 32 = -m, 5*q + 96 = 2*m. List the prime factors of m + (4 - (-21)/(-6))*-6.
3, 5
Let n(h) = -2569*h + 49. Let l be n(-17). Let i be 0 + 4/30 + l/135. Suppose -5*c + 541 = 4*x, 0 = 3*c - 2*x - i - 5. What are the prime factors of c?
109
Let b = -6268 - -12462. What are the prime factors of b?
2, 19, 163
Let i(w) = 11*w + 44. Let x be i(-4). Suppose x = -331*y + 333*y - 3364. List the prime factors of y.
2, 29
Let v(b) = 31*b**2 + 137*b + 19. What are the prime factors of v(28)?
29, 971
Suppose 24*j + 71242 - 17962 = 0. List the prime factors of (0 - (-6372)/10)*j/(-888).
3, 59
Let i(t) = 50*t**3 - 11*t**2 - t + 3. Let x(y) = -51*y**3 + 9*y**2 + y - 3. Let g(j) = 4*i(j) + 5*x(j). List the prime factors of g(-3).
2, 3, 31
Let k = -412 - -270. Let y = 64 + k. Let x = -6 - y. List the prime factors of x.
2, 3
Let c = -33161 - -52869. List the prime factors of c.
2, 13, 379
Let a(k) = -15 - 7*k + 2*k**2 + 7 - 13. Let h(l) = 3*l - 27. Let i be h(12). List the prime factors of a(i).
2, 3, 13
Suppose -s - 189 = 2*y, -5*y = 25 - 10. Let x = s - -190. List the prime factors of x.
7
Let p = 13385 - -14035. List the prime factors of p.
2, 3, 5, 457
List the prime factors of 8/(-100)*-15*(9903 + -8).
2, 3, 1979
List the prime factors of 3 + 1918 - (8 + 88/(-11)).
17, 113
Suppose 0 = -255*x + 253*x + 4*p + 16304, 4*x + 4*p = 32620. What are the prime factors of x?
2, 3, 151
Let a(f) = -7*f - 17. Let y be a(-5). Let o(n) = -y + 7 - 9 + n**2 - 7*n + 8*n. What are the prime factors of o(-7)?
2, 11
Let u(q) = -q**2 + 7*q - 1. Let p be u(3). Let z be 9/(-5 + -4) - -27. Let v = z + p. List the prime factors of v.
37
Let f(p) = p**3 - 5*p**2 + p + 8. Let q be f(5). Let j(m) = m**3 - 12*m**2 - 13*m + 8. Let z be j(q). Suppose 0*h - 392 = -z*h. List the prime factors of h.
7
Let x(b) = 97*b**2 - 186*b + 2033. List the prime factors of x(12).
7, 281
Let h(o) = -o**3 + 12*o**2 + o - 35. Let y be h(11). Let v = y + 406. What are the prime factors of v?
503
Let t = 7617 + 48265. What are the prime factors of t?
2, 27941
What are the prime factors of (-6)/((-21)/(137151/14))?
3, 311
Let z = 20 - 23. Let g = z + 5. What are the prime factors of ((-56)/(-6) - g)*6/4?
11
Let j be (-6)/(12/(-304)*1). Let o = j + -111. Suppose -18 = -k + o. List the prime factors of k.
59
Suppose 0*n = 3*n - 12. Let w be (n + -1 - 80)/(1/2). Let x = w + 328. What are the prime factors of x?
2, 3, 29
Suppose -18*u - 11781 = -51*u. Let q = u + 1409. What are the prime factors of q?
2, 883
Let b(w) = 1821*w**3 + 8*w - 14. List the prime factors of b(2).
2, 5, 31, 47
Let z = 17 + -12. Suppose -z*c - 9 = -94. Suppose -25*d + 152 = -c*d. What are the prime factors of d?
19
Suppose -4*o - 414 = -2*w + 4*w, -w = 3*o + 311. What are the prime factors of (-38961)/o + (-12)/(-32)?
3, 5
Let p be (2/(-6)*-2)/(60/(-90)). What are the prime factors of (1 - -48)*19 - p?
2, 233
Let h(s) be the first derivative of -3*s**4/4 + 20*s**3/3 - 7*s**2/2 + 3*s + 43. Let n(q) = q**3 + 8*q**2 + 6. Let l be n(-8). List the prime factors of h(l).
3, 11
Let k be (9 + -11)/(2/6 - 1). Suppose 5*r = k*r + 162. Let f = 131 - r. What are the prime factors of f?
2, 5
List the prime factors of 40/(-14)*((-36)/(-216))/(2/(-29778)).
2, 5, 709
Suppose -3*w = w - 368. Let y = w - 52. List the prime factors of y/(-2)*(-1)/((-24)/(-42)).
5, 7
What are the prime factors of (-60*2)/12 - -2889?
2879
Suppose -4*s - 5*g + 73 = 0, s + 5*g - 39 = -s. Suppose -74 = s*j - 18*j. What are the prime factors of j?
2, 37
List the prime factors of (81 - 78)*(0 - -5462)/2.
3, 2731
Suppose -r + 29736 = 3*q + q, -q - 2*r + 7434 = 0. What are the prime factors of q?
2, 3, 7, 59
Let w = 1465 - 778. Suppose 2*n + w = 5*n. What are the prime factors of -10 + 10 + n + 1 + -2?
2, 3, 19
Suppose -4*s = 3*g + 1297, -4*g - 2278 + 558 = 3*s. List the prime factors of (0 - 1) + ((-8)/2 - g).
2, 211
Suppose 10*a - 330281 = m, -165141 = -5*a - 12*m + 13*m. What are the prime factors of a?
2, 23, 359
Suppose 3305 = 14*s - 5865. Suppose -5*r + 2490 = s. List the prime factors of r.
367
Suppose -446*v - 161184 = -458*v - 65604. List the prime factors of v.
3, 5, 59
Let l(r) = -7*r + 45. Let y be l(6). Suppose 3*u + 4*m = -10 - 3, 17 = -y*u - 5*m. What are the prime factors of 208/4 + (-2 - -1)*u?
3, 17
Let b = 76821 + -8936. What are the prime factors of b?
5, 13577
Suppose 2*k - 8 = -2*k. Let f(p) = 194*p